r of 387716?
False
Does 143 divide 345031?
False
Is 364110 a multiple of 15?
True
Is 5 a factor of 25681?
False
Does 33 divide 18003546?
True
Does 43 divide 171676?
False
Does 15 divide 29475?
True
Is 154662 a multiple of 447?
True
Does 8 divide 152063?
False
Does 109 divide 442213?
True
Does 437 divide 340970?
False
Is 17 a factor of 1320654?
False
Does 58 divide 745938?
True
Is 22 a factor of 24222?
True
Does 20 divide 12455960?
True
Does 112 divide 44475?
False
Is 18 a factor of 11862?
True
Is 32 a factor of 929344?
True
Is 15 a factor of 55026?
False
Is 30 a factor of 507105?
False
Is 98693 a multiple of 613?
True
Is 438 a factor of 5392181?
False
Is 225504 a multiple of 72?
True
Does 137 divide 1303183?
False
Is 21931 a multiple of 171?
False
Does 53 divide 78069?
True
Is 713760 a multiple of 2?
True
Is 104 a factor of 240760?
True
Does 3 divide 3146?
False
Is 22364 a multiple of 2?
True
Is 482 a factor of 1593010?
True
Is 312 a factor of 61007?
False
Is 22693 a multiple of 74?
False
Is 238003 even?
False
Is 242188 a multiple of 382?
True
Is 17918 a multiple of 17?
True
Is 5388823 a multiple of 352?
False
Is 356079 a multiple of 18?
False
Does 283 divide 309885?
True
Is 11 a factor of 145783?
True
Is 153045 a multiple of 19?
True
Is 6 a factor of 182874?
True
Does 7 divide 1693956?
False
Does 11 divide 968261?
False
Does 17 divide 5717?
False
Is 230400 a multiple of 72?
True
Is 835579 even?
False
Is 551 a factor of 5520469?
True
Does 45 divide 1067030?
False
Is 279 a factor of 253733?
False
Is 125055 a multiple of 220?
False
Is 99855 a multiple of 45?
True
Does 290 divide 1392000?
True
Is 159 a factor of 333582?
True
Is 809033 a multiple of 35?
False
Does 33 divide 377097?
False
Is 54043 a multiple of 17?
True
Is 70222 a multiple of 3?
False
Is 43 a factor of 2460288?
True
Is 6 a factor of 47058?
True
Is 227 a factor of 1272562?
True
Is 11081029 a multiple of 745?
False
Is 1048381 a multiple of 107?
False
Is 175460 a multiple of 124?
True
Is 94 a factor of 3120518?
True
Is 1871030 a multiple of 39?
False
Does 24 divide 34761?
False
Is 13164 a multiple of 6?
True
Is 7770 a multiple of 15?
True
Is 15 a factor of 64729?
False
Is 1948651 a multiple of 14?
False
Is 26 a factor of 3730241?
False
Does 70 divide 8076250?
True
Does 4 divide 1225358?
False
Is 49054 a multiple of 173?
False
Is 1106 a multiple of 122?
False
Does 3 divide 4153857?
True
Does 67 divide 2195724?
True
Does 15 divide 3555?
True
Does 41 divide 28823?
True
Does 46 divide 1873336?
False
Is 25 a factor of 463425?
True
Is 1014 a factor of 982983?
False
Is 3610223 a multiple of 425?
False
Does 82 divide 305040?
True
Is 36 a factor of 253332?
True
Is 1917632 a multiple of 304?
True
Is 10982510 a multiple of 385?
True
Does 19 divide 3201891?
False
Does 182 divide 968524?
False
Is 222040 a multiple of 28?
True
Is 11854253 a multiple of 49?
False
Does 85 divide 6710750?
True
Is 1273 a factor of 13384204?
False
Is 7 a factor of 8221455?
False
Does 16 divide 8888656?
True
Does 49 divide 110789?
True
Is 67 a factor of 445885?
True
Does 41 divide 1163334?
True
Does 40 divide 343640?
True
Does 5 divide 37707?
False
Is 103455 a multiple of 57?
True
Is 35873 a multiple of 517?
False
Does 7 divide 80713?
False
Does 247 divide 23189?
False
Is 438 a factor of 352395?
False
Is 2457835 a multiple of 157?
True
Does 151 divide 1331669?
True
Is 39 a factor of 117?
True
Is 987276 a multiple of 58?
True
Is 986332 a multiple of 25?
False
Is 1379680 a multiple of 21?
False
Is 22064 a multiple of 16?
True
Is 72 a factor of 82474?
False
Is 5542615 a multiple of 1201?
True
Is 115 a factor of 74290?
True
Is 1378292 a multiple of 17?
True
Is 3377041 a multiple of 10?
False
Does 15 divide 99304?
False
Does 110 divide 1383889?
False
Is 96 a factor of 2337696?
True
Is 95 a factor of 300770?
True
Does 1588 divide 8685444?
False
Is 31 a factor of 13194809?
True
Is 153 a factor of 105256?
False
Is 885251 a multiple of 73?
False
Does 3 divide 5573?
False
Is 4240036 a multiple of 80?
False
Is 1395 even?
False
Does 9 divide 1609110?
True
Does 16 divide 218464?
True
Does 9 divide 156798?
True
Does 91 divide 13526968?
True
Does 14 divide 9251858?
True
Does 6 divide 857370?
True
Is 242744 a multiple of 6?
False
Does 2 divide 2528088?
True
Is 281248 a multiple of 136?
True
Is 137 a factor of 916119?
True
Is 5 a factor of 16353?
False
Is 12 a factor of 5791512?
True
Is 250 a factor of 506508?
False
Does 461 divide 286522?
False
Does 160 divide 641902?
False
Is 474 a factor of 281082?
True
Does 61 divide 45833?
False
Is 16 a factor of 15888437?
False
Is 1761 a factor of 8095360?
False
Is 2648 a multiple of 305?
False
Is 70 a factor of 502052?
False
Does 21 divide 10287466?
False
Does 37 divide 51023?
True
Does 135 divide 20272512?
False
Is 343 a factor of 12869?
False
Is 100 a factor of 204156?
False
Is 101184 a multiple of 496?
True
Does 3 divide 17526?
True
Is 154 a factor of 534279?
False
Is 1660646 a multiple of 80?
False
Is 8098102 a multiple of 440?
False
Is 6056709 a multiple of 1283?
False
Does 16 divide 136580?
False
Is 424433 a multiple of 3?
False
Is 45 a factor of 1064568?
False
Does 75 divide 303369?
False
Is 7024 a multiple of 17?
False
Is 1268460 a multiple of 324?
True
Is 11 a factor of 25961?
False
Does 16 divide 3243024?
True
Is 1467586 a multiple of 161?
False
Is 34 a multiple of 3?
False
Is 36035392 a multiple of 1271?
True
Is 8203 a multiple of 13?
True
Is 7 a factor of 1366541?
False
Does 32 divide 633521?
False
Is 153825 a multiple of 18?
False
Is 12663120 a multiple of 95?
True
Does 679 divide 4705470?
True
Does 8 divide 1054448?
True
Does 16 divide 439783?
False
Is 354282 a multiple of 98?
False
Does 11 divide 16775?
True
Does 456 divide 95232?
False
Does 30 divide 1015380?
True
Is 134883 a multiple of 9?
True
Does 394 divide 256164?
False
Is 1940106 a multiple of 22?
False
Is 15 a factor of 542730?
True
Is 3698040 a multiple of 6?
True
Is 2697401 a multiple of 7?
True
Does 28 divide 8064?
True
Does 246 divide 278226?
True
Is 2197200 a multiple of 48?
True
Is 2012624 a multiple of 4?
True
Is 6231905 a multiple of 19?
True
Does 4 divide 341543?
False
Is 308008 a multiple of 19?
False
Is 6 a factor of 189357?
False
Is 116 a factor of 239225?
False
Is 225 a factor of 279000?
True
Is 43296 a multiple of 44?
True
Is 10 a factor of 20220?
True
Does 42 divide 1044288?
True
Is 262390 a multiple of 128?
False
Is 11 a factor of 20103611?
True
Is 248321 a multiple of 20?
False
Is 468155 a multiple of 545?
True
Is 63 a factor of 2255841?
True
Is 15 a factor of 252570?
True
Does 680 divide 533120?
True
Does 6 divide 35986?
False
Is 447750 a multiple of 54?
False
Is 43 a factor of 149554?
True
Is 22 a factor of 91558?
False
Is 4 a factor of 64096?
True
Does 32 divide 433984?
True
Is 500721 a multiple of 347?
True
Is 188 a multiple of 3?
False
Is 243457 a multiple of 17?
True
Does 90 divide 184814?
False
Does 11 divide 544423?
True
Does 138 divide 404489?
False
Is 27546 a multiple of 14?
False
Does 302 divide 10528022?
True
Is 23 a factor of 260811?
False
Does 11 divide 42691?
True
Is 22 a factor of 91212?
True
Does 472 divide 1980984?
True
Is 115560 a multiple of 214?
True
Is 114015 a multiple of 20?
False
Is 296 a factor of 410552?
True
Is 327136 a multiple of 108?
False
Does 18 divide 2201593?
False
Is 1645555 a multiple of 278?
False
Is 15 a factor of 31571?
False
Is 27 a factor of 143096?
False
Does 26 divide 2789384?
True
Does 6 divide 197748?
True
Does 15 divide 192902?
False
Is 7 a factor of 36127?
True
Does 389 divide 983634?
False
Does 76 divide 1743744?
True
Does 90 divide 13596401?
False
Does 16 divide 377766?
False
Does 57 divide 6756438?
True
Is 177 a factor of 80712?
True
Is 1778592 a multiple of 494?
False
Does 24 divide 23424?
True
Is 172 a factor of 20296?
True
Is 9 a factor of 3759443?
False
Is 1819181 even?
False
Does 153 divide 2812030?
False
Is 240 a factor of 3018150?
False
Is 504 a factor of 72072?
True
Does 5 divide 113198?
False
Is 277155 a multiple of 389?
False
Does 5 divide 353811?
False
Is 6567910 a multiple of 17?
False
Is 226612 a multiple of 120?
False
Does 47 divide 10989?
False
Is 733500 a multiple of 10?
True
Is 5061952 a multiple of 143?
False
Is 496 a factor of 100324?